
Let j(a) = -2*a + 14. Let h be j(0). What is the greatest common factor of 21 and h?
7
Suppose 3*u + d = -7, -2*u - u - 8 = 2*d. Let n = 2 + u. Suppose -5*p + n*p = -520. Calculate the greatest common divisor of p and 13.
13
Let i(d) = -d**3 + 18*d**2 - 16*d + 18. Let h be i(17). What is the highest common factor of h and 5?
5
Let y = 28 + -16. Let m(x) = 8*x**3 + x**2 - 1. Let v be m(1). What is the highest common divisor of y and v?
4
Suppose -1268 + 108 = 2*d. Let i be ((-15)/(-10))/(2/d). Let f be i/(-21) + 4/14. What is the greatest common divisor of 42 and f?
21
Suppose 0 = -4*v + 2 + 10. Let s(d) = -19*d - 5. Let n be s(-4). Suppose -v*w - 5 = -2*j + j, n = 3*j + 5*w. Calculate the highest common factor of 85 and j.
17
Let d be (9/12)/((-93)/48 - -2). Calculate the greatest common factor of 36 and d.
12
Suppose -6 + 2 = 2*m. Let a be 1 + (-3)/m*2. What is the highest common factor of a and 1?
1
Let n = -1 - -26. Let x = -14 + n. Let y be (-2)/1 + (0 - -123). Calculate the greatest common factor of x and y.
11
Let a = -5 - -5. Suppose a = -5*k - 0*k - 5. Let d(m) = -10*m + 1. Let f be d(k). What is the greatest common divisor of 55 and f?
11
Suppose 214 = o + 4*h, -h + 493 = 2*o - 6*h. Let v(z) = -z**3 - 11*z**2 - 14*z - 14. Let a be v(-10). Calculate the highest common factor of o and a.
26
Let a(y) = -y - 84. Let n be a(0). Let h = n - -118. What is the greatest common divisor of 85 and h?
17
Suppose -4*z + 34 = -2. Let r(a) = -8*a + 7. Let m(u) = 7*u - 7. Let i(n) = 5*m(n) + 4*r(n). Let y be i(z). What is the greatest common divisor of 160 and y?
20
Suppose 4*y + 6 = 3*y + 5*g, -3*g = 3*y + 18. Let n = y + 20. What is the greatest common factor of 35 and n?
7
Let a be (-2)/(-4) - (-187)/(-2). Let m = a - -183. What is the greatest common factor of 18 and m?
18
Suppose -94 = -q - 18. Let h be (2 - 3)/((-4)/76). What is the highest common factor of h and q?
19
Suppose 175 = -3*t - 2*t. Let j = 113 - -34. Let o = t + j. Calculate the greatest common divisor of 16 and o.
16
Let v(s) be the second derivative of -s**5/20 - s**4/2 - s**3 + 5*s**2/2 - 3*s. Let r be v(-5). Let h = 33 - -7. Calculate the highest common factor of r and h.
10
Suppose 2*s - 59 = 39. What is the greatest common factor of s and 7?
7
Suppose 5*m = -2*o + 27, 13 = 5*o - 2*m - 40. What is the greatest common factor of 22 and o?
11
Suppose -2*n + 2*m = 2*n - 530, 4*m = -20. What is the highest common factor of n and 52?
26
Let k be (-15)/25 + 4/(-10). Let t be (2 + (0 - k))*1. Suppose t*p - 7*p = 4*c - 12, -p = 4*c + 12. What is the highest common divisor of 40 and p?
8
Let y be -2*(-4 - 0)/1. Let o = -11 - -19. What is the highest common factor of o and y?
8
Suppose 0 = 5*r + 15 - 60. What is the highest common factor of r and 9?
9
Let g(u) = -2*u - 5. Let i be g(-8). Let m be 1145/35 + 6/21. Calculate the greatest common divisor of m and i.
11
Let q = -4 - -3. Let n(l) = -10*l. Let j be n(q). Calculate the greatest common divisor of j and 2.
2
Suppose -4*r = 2*b - 598, 2*b - 2*r - 1483 = -3*b. Calculate the greatest common divisor of 33 and b.
33
Let j be 5*(2 + 2 + -3). Suppose 3*q = s + 26, -q - 4*s = q - 36. Calculate the highest common divisor of q and j.
5
Let v = -5 - -3. Let j = v - -37. Let f = 16 + -2. Calculate the greatest common divisor of f and j.
7
Let g(a) = -a**3 - a**2 + 7*a + 5. Let k be g(-5). Suppose 0 = 2*u + 3*u - k. Suppose 0*v = 3*v - 105. Calculate the greatest common factor of u and v.
7
Let i be (-13 - -1)/(-1)*(-940)/(-60). What is the highest common divisor of i and 47?
47
Suppose 5*j = 6*j - 1. Suppose 0 = 5*v - 18 - 7. Suppose v*n - j = 4. Calculate the greatest common divisor of n and 6.
1
Let p be 5 - 2/(1 - 0). Suppose u + p = 1. Let w be (-534)/(-15) - u/5. What is the highest common divisor of w and 4?
4
Let z(w) = 34*w**2 + 6*w + 6. Let o be z(-2). Suppose -5*m = -5*s + 40, -6*s - m = -2*s - 22. Let p = o + s. What is the greatest common factor of p and 17?
17
Let a = 3 - -1. Suppose 66 = 4*u - 46. Calculate the greatest common divisor of u and a.
4
Let m(v) = -5*v**3 + 2*v**2 - 8*v - 12. Let c be m(-3). What is the greatest common divisor of c and 66?
33
Let r(k) = -13*k**2 - k. Let s be r(-1). Let h = 24 + s. Calculate the greatest common factor of 4 and h.
4
Let l be (-2)/(-8) + 46/8. What is the greatest common factor of l and 18?
6
Suppose 4*z = 3*k + 465, 5*z - 2*k - 125 = 458. What is the highest common divisor of 13 and z?
13
Suppose o = -2*k + 116, -5*o = -5*k + 23 + 297. What is the highest common factor of 10 and k?
10
Suppose 13 = -w - 4. Let h = w + 143. What is the highest common factor of h and 14?
14
Let g(k) = k**3 - k**2 + k + 2. Let i be g(2). Let w = 5 + -3. Calculate the highest common divisor of i and w.
2
Let z(f) = -f**2 + 8*f + 10. Let u be z(8). Calculate the greatest common divisor of 25 and u.
5
Let m be (-38)/(-6) - 1/3. Let z = m + -3. Let h be (8/z + -2)*96. Calculate the highest common divisor of 8 and h.
8
Let b(t) = t**2 + 4*t + 17. Let h be b(-5). Suppose -j = -33 - 22. Calculate the highest common factor of h and j.
11
Suppose p = 5*l + 4, -4*l + 7 + 15 = 2*p. Suppose -3*j + p = -0*j. Let w(q) = 16*q - 3. Let o be w(j). Calculate the highest common divisor of 5 and o.
5
Let i(w) = 2*w + 4. Let y be i(5). Calculate the highest common factor of y and 112.
14
Suppose 41 = 4*i + 5*r, 2*i - r = 4*r - 17. Let m(n) = n**3 - n**2 - 2*n - 2. Let p be m(i). Calculate the highest common divisor of 19 and p.
19
Let h = -1 + 31. Suppose 5*s = -2*i + 60, -i = -0*s - 2*s + 15. Let l(x) = x**2 - 3*x + 5. Let q be l(s). What is the greatest common divisor of q and h?
15
Suppose 3*t = 5*d - 0*d - 99, -5*d - 4*t = -78. Suppose 2*k = 297 + 299. Let x = 460 - k. Calculate the highest common factor of x and d.
18
Let k be 1/(-1*(-2)/(-4)). Let c be (-4)/((-24)/(-15) + k). Calculate the greatest common divisor of 4 and c.
2
Let w(n) = n**2 - 42. Let j be w(0). Suppose 0 = 3*x + q + 89, 5*x + 4*q + 31 = -129. Let i = x - j. Calculate the highest common factor of i and 21.
7
Let r be (-3 + (-160)/(-25))*5. Let o be 120/((-2)/(-1)) + 1. Let p = o - 27. What is the greatest common divisor of r and p?
17
Let u = 5 + 1. What is the greatest common factor of u and 6?
6
Let i(n) = -n**3 + 6*n**2 + 8*n + 2. Let m be i(7). What is the greatest common factor of m and 45?
9
Let y be (-3)/((-9)/(-6)) + 2 - -24. What is the highest common factor of 264 and y?
24
Suppose 0 = -a - 1, -7 = 4*u + 2*a - 41. Suppose -s - s + 4 = 0. Suppose 2*l - 27 = 3*w, -s*l = -4*w - 17 - 15. Calculate the highest common factor of l and u.
3
Let w be 2/(2/8 + 0). Suppose -4*f + w = 3*t - 0, -f = -4*t + 17. Suppose 0 = -t*j + 3*j + 18. What is the highest common divisor of 144 and j?
18
Let z = 5 - -1. Let a be (8/z)/((-1)/(-30)). Calculate the highest common divisor of 100 and a.
20
Let u be (-171)/(-7) - 12/28. Calculate the highest common factor of u and 36.
12
Suppose -4*t - 99 = -j, 5*j + 2*t - 4 = 491. Suppose 5*v - 5*n = 3*v - 46, 0 = -5*v - 2*n - 57. Let z = v - -24. What is the highest common factor of z and j?
11
Let s = -21 - -43. Suppose s - 8 = a. What is the highest common factor of a and 154?
14
Let a = 2 + 36. What is the greatest common factor of 304 and a?
38
Let u = -50 - -115. Suppose 3*f - 5*f + 156 = 0. Suppose -2*a = a - f. What is the highest common factor of a and u?
13
Let t be 2 - (1*-124 + 0). Suppose -137 = -4*r + p + 26, 5*p - 25 = 0. Let u be r/9*(-1 + 4). What is the highest common divisor of t and u?
14
Let o(c) = -c**3 + 4*c**2 + 4*c + 4. Let h be o(5). Let t be 82/3 - h/(-3). Calculate the highest common factor of t and 9.
9
Suppose 0*f + 3*f = 9. Calculate the highest common factor of f and 9.
3
Suppose 0 = 10*f - 398 - 82. What is the highest common factor of f and 32?
16
Let r(o) = o - 3. Suppose 0*m - 4*m = -52. Let n be r(m). What is the greatest common factor of 10 and n?
10
Let r be 1 + (-1)/(-1) + 0. Let q(n) = n - 3. Let p be q(9). Suppose s - p = -2*s. What is the greatest common divisor of r and s?
2
Let b = 0 - 13. Let w = -4 - b. What is the highest common factor of 36 and w?
9
Suppose o + 0*o = 5. Let b = -569 - -604. What is the highest common factor of o and b?
5
Let g be 0*(-3)/9*-3. Suppose g = t